0 - (-176)/(-18)). Let o be (-2)/y*5*-26. Calculate the remainder when 16 is divided by o/(-52) + -2 + (-15)/(-2).
4
Let f(b) = 128*b**2 + 13*b - 12. Let i be f(1). Suppose 984 = 9*v + i. Calculate the remainder when v is divided by 23.
3
Suppose -2*j = 2*r - 334, r - 823 = -37*j + 32*j. Calculate the remainder when 196 is divided by j.
32
Let s be (35/14)/(40/4)*12. Suppose -s*t + 3*g - g + 300 = 0, t - g - 99 = 0. Calculate the remainder when t is divided by 32.
6
Suppose 0 = 3*d - 5*x - 2502, -2*d = 2*d - x - 3353. Let j = -391 + d. What is the remainder when j is divided by 30?
28
Suppose 6191 = 104*i + 53*i - 6*i. Calculate the remainder when 358 is divided by i.
30
Let r = 65 - 59. Suppose -3*b = x - r - 21, 2*x = 0. Suppose -m - 2*n + 31 = -7*n, 2*m + 2*n - 110 = 0. Calculate the remainder when m is divided by b.
6
Suppose 5*d + 28 + 37 = 0. Let v(t) = t + 4. Let f be v(d). Let q = 16 - f. Calculate the remainder when 123 is divided by q.
23
Let q = -274 - -279. Suppose 36*z = 31*z + 5*v + 170, 0 = -q*z + 2*v + 176. What is the remainder when 40 is divided by z?
4
Suppose -3*f - a - 20 = 0, 4*a + 4 = -2*f + 8*a. Let n(r) = -r**3 - 4*r**2 + 10*r + 7. What is the remainder when 1*37 + (1 - 4) is divided by n(f)?
15
What is the remainder when 4037/1101*(124 - 1) is divided by 17?
9
Suppose 9*h = 237 + 204. Suppose -8*t + t = -h. What is the remainder when 12 is divided by t?
5
Suppose -59*r = -62*r - 426. Let n = 147 + r. Suppose 2*w + 5*y - 28 = 4*y, 70 = n*w + 5*y. Calculate the remainder when 123 is divided by w.
11
Suppose -331*l - 5433 = -534*l + 1672. What is the remainder when 275 is divided by l?
30
Let h(l) = l**2 - 3*l. Let s be h(3). Let a be s/(2*1/(-2)). Suppose -3*v + 35 = -5*d - a, -2*d + 28 = 3*v. What is the remainder when 67 is divided by v?
7
Let m(z) be the second derivative of -1/6*z**3 + 2*z**2 + 15*z + 0. Calculate the remainder when 35 is divided by m(-6).
5
Let l(w) = -w - 1. Let p(a) = -12*a + 66. Let u(s) = 5*l(s) - p(s). Let v be u(11). Suppose 6*j + v = 8*j. Calculate the remainder when 18 is divided by j.
0
Suppose 4*w - 1594 = -5*t, 128 = 4*t - 4*w - 1140. Let a = -190 + t. Calculate the remainder when a is divided by 10.
8
Let u(o) = -34*o**2 - 815*o + 41. Suppose -2*l - 3*l = 70. Let f = 18 - l. What is the remainder when f is divided by u(-24)?
15
Let o(g) = -106*g - 84. Let z be o(-6). Let d = z + -272. Calculate the remainder when d is divided by 90.
10
Let d(r) = -6*r**2 + 7*r - 8. Let n(s) = 19*s**2 - 20*s + 23. Let z(b) = 17*d(b) + 6*n(b). Let y = 2 + 0. What is the remainder when z(y) is divided by 10?
8
Let x(g) = 7*g**2 - 7*g - 4. Let w(o) = -o. Let n(f) = 4*w(f) - x(f). Let t be n(4). Let u = t + 173. Calculate the remainder when u is divided by 16.
13
What is the remainder when 966 is divided by 6606/28 - (-1)/14?
22
Suppose -168 = -11*p + 3*p. Let n(y) = y. Let r be n(2). Suppose r*j - 30 = -3*j. What is the remainder when p is divided by j?
3
Let d(v) = v**3 - 11*v**2 + 137*v - 1457. Calculate the remainder when 3197 is divided by d(11).
47
Suppose -m = 4*o - 106, 4*o - 2 = -4*m + 110. What is the remainder when (4 - (-13660)/110) + (-4)/22 is divided by o?
24
Let n(k) = 33*k + 384. Let h = 93 - 104. Calculate the remainder when 226 is divided by n(h).
16
Let z(l) = 19*l**3 + l**2 + 4*l - 3. Let a = -146 - -269. What is the remainder when a is divided by z(1)?
18
Suppose -2*l = -13*f + 18*f + 3469, -5*f + 8690 = -5*l. Let t = -1213 - l. What is the remainder when t is divided by 15?
14
Let c(d) = d**2 - 13*d - 27. Let r be c(15). Suppose 5 = j, -r*i + 5*j = -8*i + 220. Let p = 3 - -7. Calculate the remainder when i is divided by p.
9
Let r be ((-96)/(-36))/(-2) - (-793)/3. Let l = r - 207. Calculate the remainder when l is divided by -2 + 0/2 - -21.
18
Let f(o) = 14*o**3 - 147*o**2 - 5*o + 23. Calculate the remainder when f(11) is divided by 812.
3
Let s(k) = 3*k**3 + k**2 - k - 2. Let m(a) be the second derivative of -a**3/6 + 9*a**2/2 + 23*a + 1. Calculate the remainder when s(2) is divided by m(-5).
10
Let x be -5*(-20)/(-75)*-3. Suppose 0 = 3*t + 11 + x. What is the remainder when 10 is divided by (-2)/6*(-26 - t)?
3
Let g(f) = -f**3 - 15*f**2 - 30*f + 2. Calculate the remainder when (553/(-21))/((-3)/(18/2)) is divided by g(-13).
25
Suppose 5*l - 8 + 78 = 3*o, 4*l = -o - 5. What is the remainder when 304/(-20)*310/(-124) is divided by o?
8
Suppose q - 16 = p - 2, 4*q = 5*p + 70. Let y = 24 + p. Suppose 5*n = -2*z + 28 + 12, -2*n - 2*z = -y. Calculate the remainder when 19 is divided by n.
9
Let y(r) = 2*r**2 - 10*r - 23. Let k be y(9). Let w = k - -1. What is the remainder when 130 is divided by w?
30
Suppose 105 + 7 = 2*w. Let g = w - 15. What is the remainder when g is divided by (-88)/12*(-2 + -1)?
19
Let f(z) = 5*z**3 + z**2 - z - 1. Let d be f(1). Let q(o) = 7*o + 6. Let b = -103 + 202. What is the remainder when b is divided by q(d)?
31
Suppose -3*i + 0*s + 105 = -s, -2*i - 3*s = -81. Let g = 66423 - 66354. What is the remainder when g is divided by i?
33
Suppose -389*f + 25250 = 6189. Let p = 566 - 225. What is the remainder when p is divided by f?
47
Let f = -135 - -138. Suppose 2*k + 8*g - 14 = f*g, 8 = 5*k - g. Suppose k*r = -4*a + 16, -9 = -4*r - 3*a + 23. What is the remainder when 11 is divided by r?
3
Suppose 4*j - 155 = -j. Suppose 3*h - 320 = -y + 2*h, 3*h = -4*y + 1280. Let z = y + -259. Calculate the remainder when z is divided by j.
30
Suppose -5*i + 1477 - 217 = 5*j, 0 = -4*j + 3*i + 1022. Calculate the remainder when 520 is divided by j.
12
Let n be (1 + (-4)/(-12))/(1/3). Suppose 14 + 10 = -n*k + 4*v, -v = -3. What is the remainder when k - (-28 + -2 + 0) is divided by 15?
12
Let a = -59 - -76. Suppose 5*z + 11 = 2*v, -21 = 3*v + 3*z + 2*z. What is the remainder when a is divided by (v/(-3))/(6/81)?
8
Let l be (((-408)/(-4))/2)/3. Suppose 9*n = 10*n - l. What is the remainder when 52 is divided by n?
1
Calculate the remainder when 7036 is divided by (77/(22099/(-2624)))/(4/(-14)).
28
Let h(p) = 44*p**2 + 36*p + 14. Let y be h(-7). Suppose y = 29*a - 2925. Calculate the remainder when a is divided by (2/3)/(3/153).
31
Suppose -50 = -4*i + 62. Suppose 0 = v - 721 - 129. Suppose -v = -50*q - 100. What is the remainder when i is divided by q?
13
Suppose 0 = 8*c - 19*c + 4840 - 1386. What is the remainder when c is divided by 110?
94
Let w(k) = 1148*k - 33268. Calculate the remainder when 572/3 + 1/3 is divided by w(29).
23
Let f(i) = 5*i**2 + i**3 + 5 - 5*i + 11*i**2 - 15*i**2 + 2*i**2. What is the remainder when -1 + 5 + 80/2 is divided by f(-4)?
8
Let x(c) = -1 + 0*c**2 - 43*c**3 + 2*c**2 - c**2 + c - 8*c**3. Let g be x(-1). Suppose 0 = -4*b + 10 + g. What is the remainder when 164 is divided by b?
14
Let a = 234 + -242. Calculate the remainder when 98 is divided by (28/a)/((-1)/14).
0
Suppose -32*n = -235*n - 167*n + 55130. What is the remainder when n is divided by (-1 + 0)*0 - -10?
9
Let k(p) = 9*p**2 - 58*p - 2214. Calculate the remainder when k(-41) is divided by 35.
33
Let x = 300 + 4476. Calculate the remainder when x is divided by 81.
78
Let v(q) = q**3 - 14*q**2 - 33*q + 520. Calculate the remainder when v(23) is divided by 181.
178
Suppose -422*k - 2055 = -437*k. What is the remainder when k is divided by 37?
26
Let c = -37443 - -39809. What is the remainder when c is divided by 24?
14
Suppose -3025 = -m - q, -3*m + 2*q = -0*m - 9060. Let g be m/14 - 2/(-14) - -1. Suppose i = 8*i - g. Calculate the remainder when i is divided by 16.
15
Suppose t = -3*k + 34, -5 + 18 = k + 2*t. Let b(a) be the first derivative of -a**3/3 + 17*a**2/2 - 12*a - 5. What is the remainder when b(k) is divided by 14?
12
Let q(w) = -w + 108. Suppose -2*k - 37 = -7*n + 6*n, 2*k - 3*n = -39. Calculate the remainder when q(k) is divided by 19.
12
Suppose 19479 - 45677 - 38677 = -173*i. Calculate the remainder when i is divided by 76.
71
Suppose -4*w - s = -2*w + 12, -2*w + 2*s - 18 = 0. Let d be 120 - ((-6 - (w - -4)) + 2). Let o = -84 + d. Calculate the remainder when o is divided by 4.
1
Let p(v) = v**3 - 5*v**2 - v + 5. Let u be p(5). Suppose u = -14*j + 15*j - 10. What is the remainder when 44 is divided by (-1)/((-1)/j)*(-72)/(-30)?
20
Calculate the remainder when (-2 - 5)*(12 -